{"id":230,"date":"2021-04-06T20:45:32","date_gmt":"2021-04-06T20:45:32","guid":{"rendered":"https:\/\/test.karl-jenter.eu\/?page_id=230"},"modified":"2021-04-06T20:45:32","modified_gmt":"2021-04-06T20:45:32","slug":"umsteckverfahren-jenter","status":"publish","type":"page","link":"https:\/\/karl-jenter.eu\/home2\/umsteckverfahren-jenter","title":{"rendered":"Umsteckverfahren Jenter"},"content":{"rendered":"\t\t<div data-elementor-type=\"wp-page\" data-elementor-id=\"230\" class=\"elementor elementor-230\">\n\t\t\t\t\t\t<section class=\"elementor-section elementor-top-section elementor-element elementor-element-0f9f5f8 elementor-section-boxed elementor-section-height-default elementor-section-height-default\" data-id=\"0f9f5f8\" data-element_type=\"section\" data-e-type=\"section\">\n\t\t\t\t\t\t<div class=\"elementor-container elementor-column-gap-default\">\n\t\t\t\t\t<div class=\"elementor-column elementor-col-33 elementor-top-column elementor-element elementor-element-41e766a\" data-id=\"41e766a\" data-element_type=\"column\" data-e-type=\"column\">\n\t\t\t<div class=\"elementor-widget-wrap elementor-element-populated\">\n\t\t\t\t\t\t<div class=\"elementor-element elementor-element-6e5d85b elementor-widget elementor-widget-image\" data-id=\"6e5d85b\" data-element_type=\"widget\" data-e-type=\"widget\" data-widget_type=\"image.default\">\n\t\t\t\t<div class=\"elementor-widget-container\">\n\t\t\t\t\t\t\t\t\t\t\t\t\t\t\t<img decoding=\"async\" src=\"https:\/\/test.karl-jenter.eu\/wp-content\/uploads\/2021\/04\/JENTER-Logo_R_RGB-066c431f-a9e181d0-320w.png\" title=\"\" alt=\"\" loading=\"lazy\" \/>\t\t\t\t\t\t\t\t\t\t\t\t\t\t\t<\/div>\n\t\t\t\t<\/div>\n\t\t\t\t\t<\/div>\n\t\t<\/div>\n\t\t\t\t<div class=\"elementor-column elementor-col-33 elementor-top-column elementor-element elementor-element-9e3cc0e\" data-id=\"9e3cc0e\" data-element_type=\"column\" data-e-type=\"column\">\n\t\t\t<div class=\"elementor-widget-wrap elementor-element-populated\">\n\t\t\t\t\t\t<div class=\"elementor-element elementor-element-4d15e42 elementor-widget elementor-widget-image\" data-id=\"4d15e42\" data-element_type=\"widget\" data-e-type=\"widget\" data-widget_type=\"image.default\">\n\t\t\t\t<div class=\"elementor-widget-container\">\n\t\t\t\t\t\t\t\t\t\t\t\t\t\t\t<img decoding=\"async\" src=\"https:\/\/test.karl-jenter.eu\/wp-content\/uploads\/2021\/04\/DSC05492221-320w.png\" title=\"\" alt=\"\" loading=\"lazy\" \/>\t\t\t\t\t\t\t\t\t\t\t\t\t\t\t<\/div>\n\t\t\t\t<\/div>\n\t\t\t\t\t<\/div>\n\t\t<\/div>\n\t\t\t\t<div class=\"elementor-column elementor-col-33 elementor-top-column elementor-element elementor-element-44b65fb\" data-id=\"44b65fb\" data-element_type=\"column\" data-e-type=\"column\">\n\t\t\t<div class=\"elementor-widget-wrap elementor-element-populated\">\n\t\t\t\t\t\t<div class=\"elementor-element elementor-element-e6d8a67 elementor-widget elementor-widget-image\" data-id=\"e6d8a67\" data-element_type=\"widget\" data-e-type=\"widget\" data-widget_type=\"image.default\">\n\t\t\t\t<div class=\"elementor-widget-container\">\n\t\t\t\t\t\t\t\t\t\t\t\t\t\t\t<img decoding=\"async\" src=\"https:\/\/test.karl-jenter.eu\/wp-content\/uploads\/2021\/04\/012_Zuchtwabe_komplett_HighRes-1-320w.png\" title=\"\" alt=\"\" loading=\"lazy\" \/>\t\t\t\t\t\t\t\t\t\t\t\t\t\t\t<\/div>\n\t\t\t\t<\/div>\n\t\t\t\t\t<\/div>\n\t\t<\/div>\n\t\t\t\t\t<\/div>\n\t\t<\/section>\n\t\t\t\t<section class=\"elementor-section elementor-top-section elementor-element elementor-element-d7015f2 elementor-section-content-middle elementor-section-boxed elementor-section-height-default elementor-section-height-default\" data-id=\"d7015f2\" data-element_type=\"section\" data-e-type=\"section\">\n\t\t\t\t\t\t<div class=\"elementor-container elementor-column-gap-default\">\n\t\t\t\t\t<div class=\"elementor-column elementor-col-50 elementor-top-column elementor-element elementor-element-ead88b8\" data-id=\"ead88b8\" data-element_type=\"column\" data-e-type=\"column\">\n\t\t\t<div class=\"elementor-widget-wrap elementor-element-populated\">\n\t\t\t\t\t\t<div class=\"elementor-element elementor-element-8687840 elementor-widget elementor-widget-text-editor\" data-id=\"8687840\" data-element_type=\"widget\" data-e-type=\"widget\" data-widget_type=\"text-editor.default\">\n\t\t\t\t<div class=\"elementor-widget-container\">\n\t\t\t\t\t\t\t\t\t<div id=\"1119010982\" class=\"u_1119010982 dmRespCol small-12 large-4 medium-4\"><div><strong><span style=\"font-family: Glegoo;\"><span style=\"color: #000000;\"><span class=\"lh-1 font-size-16\"><span class=\"lh-1 \">Ein<\/span><\/span><span class=\"lh-1 font-size-16\"><span class=\"lh-1 \"> 90ig j\u00e4hriger Imker berichtete:<\/span><\/span><\/span><span style=\"color: #000000;\"><span class=\"lh-1 font-size-16\"><span class=\"lh-1 \"><br \/><\/span><\/span><\/span><\/span><\/strong><\/div><div><strong><span style=\"color: #000000; font-family: Glegoo;\"><span class=\"lh-1 font-size-16\"><span class=\"lh-1 \">\u201eDie Zuchtwabe ist sehr gut, ich<\/span><\/span><\/span><\/strong><\/div><div><strong><span style=\"color: #000000; font-family: Glegoo;\"><span class=\"lh-1 font-size-16\"><span class=\"lh-1 \">bekam so viele und sch\u00f6ne<br \/><\/span><\/span><\/span><\/strong><\/div><div><strong><span style=\"color: #000000; font-family: Glegoo;\"><span class=\"lh-1 font-size-16\"><span class=\"lh-1 \">K\u00f6niginnen, dass ich nicht mehr<br \/><\/span><\/span><\/span><\/strong><\/div><div><strong><span style=\"color: #000000; font-family: Glegoo;\"><span class=\"lh-1 font-size-16\"><span class=\"lh-1 \">wusste, wohin damit.\u201c<\/span><\/span><\/span><\/strong><\/div><\/div>\t\t\t\t\t\t\t\t<\/div>\n\t\t\t\t<\/div>\n\t\t\t\t\t<\/div>\n\t\t<\/div>\n\t\t\t\t<div class=\"elementor-column elementor-col-50 elementor-top-column elementor-element elementor-element-cf36933\" data-id=\"cf36933\" data-element_type=\"column\" data-e-type=\"column\">\n\t\t\t<div class=\"elementor-widget-wrap elementor-element-populated\">\n\t\t\t\t\t\t<div class=\"elementor-element elementor-element-4a40a8e elementor-widget elementor-widget-text-editor\" data-id=\"4a40a8e\" data-element_type=\"widget\" data-e-type=\"widget\" data-widget_type=\"text-editor.default\">\n\t\t\t\t<div class=\"elementor-widget-container\">\n\t\t\t\t\t\t\t\t\t<div><span>In die 112 Passl\u00f6cher der Zuchtwabe werden die Einsteckzellen eingesteckt. Damit diese nicht mit Honig oder Pollen verbaut werden, werden diese mit der Abdeckplatte abgedeckt.\u00a0<\/span><\/div><div><span>\u00a0<\/span><\/div><div><span>Das Wabenprofil wird bereits bewachst geliefert, kann jedoch vor dem ersten Gebrauch etwas mit Honig bestrichen werden. Nachdem die K\u00f6nigin in die Wabe eingelassen wurde, erfolgt in nur wenigen Stunden die Eiablage, sodass am n\u00e4chsten Tag das Absperrgitter\u00a0 abgenommen und die K\u00f6nigin freigelassen werden kann.<\/span><\/div><div><span>\u00a0<\/span><\/div><div><span>Nach wenigen Tagen (ca. 3 Tagen) schl\u00fcpfen die Larven in den Einsteckzellen.<br \/>Diese k\u00f6nnen mit Hilfe des mitgelieferten Steckers ber\u00fchrungslos und einfach in die Weiseln\u00e4pfchen umgesteckt werden. Das Weiseln\u00e4pfchen mit Einsteckzelle wird auf den Zellentr\u00e4ger glatt, der in die Zuchtlatte eingeklebt wurde, aufgesteckt.<\/span><\/div><div><span>\u00a0<\/span><\/div><div><span>Sp\u00e4testens am 11 Tag m\u00fcssen die schlupfreifen K\u00f6niginnenzellen in Schutzzellen (Art. 040) oder Verschulk\u00e4fige (Art. 050) verschult (gesch\u00fctzt) werden.<\/span><\/div><div><span>\u00a0<\/span><\/div><div><span>Um einen optimalen Zuchterfolg zu erzielen, sollte ein starkes Pflegevolk mit vielen Jungbienen zur Zucht verwendet werden.<\/span><\/div><div><span>\u00a0<\/span><\/div><div><span><b>Das Verfahren wurde mit 3 Goldmedaillen ausgezeichnet:<\/b><\/span><span><br \/><\/span><\/div><div><ul class=\"innerList defaultList\"><li><span>Apimondia Goldmedaille in Warschau im Jahr 1987<\/span><\/li><li><span>Jahn Dzierzon Goldmedaille in Rio im Jahr 1989<\/span><\/li><li><span>Balkanmedaille in Belgrad im Jahr 1990<\/span><\/li><\/ul><\/div>\t\t\t\t\t\t\t\t<\/div>\n\t\t\t\t<\/div>\n\t\t\t\t<div class=\"elementor-element elementor-element-d2cf7de elementor-widget elementor-widget-image\" data-id=\"d2cf7de\" data-element_type=\"widget\" data-e-type=\"widget\" data-widget_type=\"image.default\">\n\t\t\t\t<div class=\"elementor-widget-container\">\n\t\t\t\t\t\t\t\t\t\t\t\t\t\t\t<img decoding=\"async\" src=\"https:\/\/test.karl-jenter.eu\/wp-content\/uploads\/2021\/04\/Auszeichnungen.png\" title=\"\" alt=\"\" loading=\"lazy\" \/>\t\t\t\t\t\t\t\t\t\t\t\t\t\t\t<\/div>\n\t\t\t\t<\/div>\n\t\t\t\t\t<\/div>\n\t\t<\/div>\n\t\t\t\t\t<\/div>\n\t\t<\/section>\n\t\t\t\t<section class=\"elementor-section elementor-top-section elementor-element elementor-element-4761eb2 elementor-section-boxed elementor-section-height-default elementor-section-height-default\" data-id=\"4761eb2\" data-element_type=\"section\" data-e-type=\"section\">\n\t\t\t\t\t\t<div class=\"elementor-container elementor-column-gap-default\">\n\t\t\t\t\t<div class=\"elementor-column elementor-col-100 elementor-top-column elementor-element elementor-element-8d4a34e\" data-id=\"8d4a34e\" data-element_type=\"column\" data-e-type=\"column\">\n\t\t\t<div class=\"elementor-widget-wrap\">\n\t\t\t\t\t\t\t<\/div>\n\t\t<\/div>\n\t\t\t\t\t<\/div>\n\t\t<\/section>\n\t\t\t\t<\/div>\n\t\t","protected":false},"excerpt":{"rendered":"<p>Ein 90ig j\u00e4hriger Imker berichtete:\u201eDie Zuchtwabe ist sehr gut, ichbekam so viele und sch\u00f6neK\u00f6niginnen, dass ich nicht mehrwusste, wohin damit.\u201cIn die 112 Passl\u00f6cher der Zuchtwabe werden die Einsteckzellen eingesteckt. Damit diese nicht mit Honig oder Pollen verbaut werden, werden diese mit der Abdeckplatte abgedeckt.\u00a0\u00a0Das Wabenprofil wird bereits bewachst geliefert, kann jedoch vor dem ersten Gebrauch [&hellip;]<\/p>\n","protected":false},"author":1,"featured_media":0,"parent":0,"menu_order":0,"comment_status":"closed","ping_status":"closed","template":"","meta":{"footnotes":""},"class_list":["post-230","page","type-page","status-publish","czr-hentry"],"_links":{"self":[{"href":"https:\/\/karl-jenter.eu\/home2\/wp-json\/wp\/v2\/pages\/230","targetHints":{"allow":["GET"]}}],"collection":[{"href":"https:\/\/karl-jenter.eu\/home2\/wp-json\/wp\/v2\/pages"}],"about":[{"href":"https:\/\/karl-jenter.eu\/home2\/wp-json\/wp\/v2\/types\/page"}],"author":[{"embeddable":true,"href":"https:\/\/karl-jenter.eu\/home2\/wp-json\/wp\/v2\/users\/1"}],"replies":[{"embeddable":true,"href":"https:\/\/karl-jenter.eu\/home2\/wp-json\/wp\/v2\/comments?post=230"}],"version-history":[{"count":0,"href":"https:\/\/karl-jenter.eu\/home2\/wp-json\/wp\/v2\/pages\/230\/revisions"}],"wp:attachment":[{"href":"https:\/\/karl-jenter.eu\/home2\/wp-json\/wp\/v2\/media?parent=230"}],"curies":[{"name":"wp","href":"https:\/\/api.w.org\/{rel}","templated":true}]}}